{"id":1076,"date":"2024-09-19T10:04:25","date_gmt":"2024-09-19T08:04:25","guid":{"rendered":"https:\/\/grupainfra.com\/?page_id=1076"},"modified":"2024-09-19T10:34:56","modified_gmt":"2024-09-19T08:34:56","slug":"przemysl-stoczniowy","status":"publish","type":"page","link":"https:\/\/grupainfra.com\/?page_id=1076","title":{"rendered":"Przemys\u0142 stoczniowy"},"content":{"rendered":"\t\t<div data-elementor-type=\"wp-page\" data-elementor-id=\"1076\" class=\"elementor elementor-1076\">\n\t\t\t\t<div class=\"elementor-element elementor-element-e1c8ebf e-flex e-con-boxed e-con e-parent\" data-id=\"e1c8ebf\" data-element_type=\"container\">\n\t\t\t\t\t<div class=\"e-con-inner\">\n\t\t\t\t<div class=\"elementor-element elementor-element-b4a72ea elementor-widget elementor-widget-spacer\" data-id=\"b4a72ea\" data-element_type=\"widget\" data-widget_type=\"spacer.default\">\n\t\t\t\t<div class=\"elementor-widget-container\">\n\t\t\t<style>\/*! elementor - v3.23.0 - 05-08-2024 *\/\n.elementor-column .elementor-spacer-inner{height:var(--spacer-size)}.e-con{--container-widget-width:100%}.e-con-inner>.elementor-widget-spacer,.e-con>.elementor-widget-spacer{width:var(--container-widget-width,var(--spacer-size));--align-self:var(--container-widget-align-self,initial);--flex-shrink:0}.e-con-inner>.elementor-widget-spacer>.elementor-widget-container,.e-con>.elementor-widget-spacer>.elementor-widget-container{height:100%;width:100%}.e-con-inner>.elementor-widget-spacer>.elementor-widget-container>.elementor-spacer,.e-con>.elementor-widget-spacer>.elementor-widget-container>.elementor-spacer{height:100%}.e-con-inner>.elementor-widget-spacer>.elementor-widget-container>.elementor-spacer>.elementor-spacer-inner,.e-con>.elementor-widget-spacer>.elementor-widget-container>.elementor-spacer>.elementor-spacer-inner{height:var(--container-widget-height,var(--spacer-size))}.e-con-inner>.elementor-widget-spacer.elementor-widget-empty,.e-con>.elementor-widget-spacer.elementor-widget-empty{position:relative;min-height:22px;min-width:22px}.e-con-inner>.elementor-widget-spacer.elementor-widget-empty .elementor-widget-empty-icon,.e-con>.elementor-widget-spacer.elementor-widget-empty .elementor-widget-empty-icon{position:absolute;top:0;bottom:0;left:0;right:0;margin:auto;padding:0;width:22px;height:22px}<\/style>\t\t<div class=\"elementor-spacer\">\n\t\t\t<div class=\"elementor-spacer-inner\"><\/div>\n\t\t<\/div>\n\t\t\t\t<\/div>\n\t\t\t\t<\/div>\n\t\t\t\t<div class=\"elementor-element elementor-element-7313555 elementor-widget elementor-widget-text-editor\" data-id=\"7313555\" data-element_type=\"widget\" data-widget_type=\"text-editor.default\">\n\t\t\t\t<div class=\"elementor-widget-container\">\n\t\t\t<style>\/*! elementor - v3.23.0 - 05-08-2024 *\/\n.elementor-widget-text-editor.elementor-drop-cap-view-stacked .elementor-drop-cap{background-color:#69727d;color:#fff}.elementor-widget-text-editor.elementor-drop-cap-view-framed .elementor-drop-cap{color:#69727d;border:3px solid;background-color:transparent}.elementor-widget-text-editor:not(.elementor-drop-cap-view-default) .elementor-drop-cap{margin-top:8px}.elementor-widget-text-editor:not(.elementor-drop-cap-view-default) .elementor-drop-cap-letter{width:1em;height:1em}.elementor-widget-text-editor .elementor-drop-cap{float:left;text-align:center;line-height:1;font-size:50px}.elementor-widget-text-editor .elementor-drop-cap-letter{display:inline-block}<\/style>\t\t\t\t<h1 data-sourcepos=\"5:1-5:57\">Us\u0142ugi dla przemys\u0142u stoczniowego- Grupa Infra<\/h1>\t\t\t\t\t\t<\/div>\n\t\t\t\t<\/div>\n\t\t\t\t<div class=\"elementor-element elementor-element-8a3deb9 elementor-widget elementor-widget-text-editor\" data-id=\"8a3deb9\" data-element_type=\"widget\" data-widget_type=\"text-editor.default\">\n\t\t\t\t<div class=\"elementor-widget-container\">\n\t\t\t\t\t\t\t<p data-sourcepos=\"5:1-5:57\"><strong>Grupa Infra<\/strong> oferuje kompleksowe us\u0142ugi czyszczenia przemys\u0142owego dla sektora stoczniowego. Dysponujemy nowoczesnym sprz\u0119tem do strumieniowo-\u015bciernego oczyszczania powierzchni, dzi\u0119ki czemu jeste\u015bmy w stanie skutecznie usuwa\u0107 zanieczyszczenia z metalowych i betonowych element\u00f3w jednostek p\u0142ywaj\u0105cych oraz infrastruktury portowej. Nasze rozwi\u0105zania pozwalaj\u0105 na precyzyjne przygotowanie powierzchni pod nowe pow\u0142oki, zapewniaj\u0105c ich doskona\u0142\u0105 przyczepno\u015b\u0107. Mobilno\u015b\u0107 naszych urz\u0105dze\u0144 umo\u017cliwia \u015bwiadczenie us\u0142ug w dowolnym miejscu, zar\u00f3wno na statkach, promach, jak i w suchych dokach. <strong>Dzi\u0119ki wieloletniemu do\u015bwiadczeniu Grupy Infra, klienci mog\u0105 mie\u0107 pewno\u015b\u0107 najwy\u017cszej jako\u015bci us\u0142ug i terminowej realizacji zlece\u0144.<\/strong>&#8222;<\/p>\t\t\t\t\t\t<\/div>\n\t\t\t\t<\/div>\n\t\t<div class=\"elementor-element elementor-element-41c90f5 e-con-full e-flex e-con e-child\" data-id=\"41c90f5\" data-element_type=\"container\">\n\t\t\t\t<div class=\"elementor-element elementor-element-43836e7 elementor-widget elementor-widget-spacer\" data-id=\"43836e7\" data-element_type=\"widget\" data-widget_type=\"spacer.default\">\n\t\t\t\t<div class=\"elementor-widget-container\">\n\t\t\t\t\t<div class=\"elementor-spacer\">\n\t\t\t<div class=\"elementor-spacer-inner\"><\/div>\n\t\t<\/div>\n\t\t\t\t<\/div>\n\t\t\t\t<\/div>\n\t\t\t\t<\/div>\n\t\t\t\t\t<\/div>\n\t\t\t\t<\/div>\n\t\t<div class=\"elementor-element elementor-element-49694f0 e-flex e-con-boxed e-con e-parent\" data-id=\"49694f0\" data-element_type=\"container\">\n\t\t\t\t\t<div class=\"e-con-inner\">\n\t\t\t\t<div class=\"elementor-element elementor-element-017e4af elementor-widget elementor-widget-image-gallery\" data-id=\"017e4af\" data-element_type=\"widget\" data-widget_type=\"image-gallery.default\">\n\t\t\t\t<div class=\"elementor-widget-container\">\n\t\t\t<style>\/*! elementor - v3.23.0 - 05-08-2024 *\/\n.elementor-image-gallery .gallery-item{display:inline-block;text-align:center;vertical-align:top;width:100%;max-width:100%;margin:0 auto}.elementor-image-gallery .gallery-item img{margin:0 auto}.elementor-image-gallery .gallery-item .gallery-caption{margin:0}.elementor-image-gallery figure img{display:block}.elementor-image-gallery figure figcaption{width:100%}.gallery-spacing-custom .elementor-image-gallery .gallery-icon{padding:0}@media (min-width:768px){.elementor-image-gallery .gallery-columns-2 .gallery-item{max-width:50%}.elementor-image-gallery .gallery-columns-3 .gallery-item{max-width:33.33%}.elementor-image-gallery .gallery-columns-4 .gallery-item{max-width:25%}.elementor-image-gallery .gallery-columns-5 .gallery-item{max-width:20%}.elementor-image-gallery .gallery-columns-6 .gallery-item{max-width:16.666%}.elementor-image-gallery .gallery-columns-7 .gallery-item{max-width:14.28%}.elementor-image-gallery .gallery-columns-8 .gallery-item{max-width:12.5%}.elementor-image-gallery .gallery-columns-9 .gallery-item{max-width:11.11%}.elementor-image-gallery .gallery-columns-10 .gallery-item{max-width:10%}}@media (min-width:480px) and (max-width:767px){.elementor-image-gallery .gallery.gallery-columns-2 .gallery-item,.elementor-image-gallery .gallery.gallery-columns-3 .gallery-item,.elementor-image-gallery .gallery.gallery-columns-4 .gallery-item,.elementor-image-gallery .gallery.gallery-columns-5 .gallery-item,.elementor-image-gallery .gallery.gallery-columns-6 .gallery-item,.elementor-image-gallery .gallery.gallery-columns-7 .gallery-item,.elementor-image-gallery .gallery.gallery-columns-8 .gallery-item,.elementor-image-gallery .gallery.gallery-columns-9 .gallery-item,.elementor-image-gallery .gallery.gallery-columns-10 .gallery-item{max-width:50%}}@media (max-width:479px){.elementor-image-gallery .gallery.gallery-columns-2 .gallery-item,.elementor-image-gallery .gallery.gallery-columns-3 .gallery-item,.elementor-image-gallery .gallery.gallery-columns-4 .gallery-item,.elementor-image-gallery .gallery.gallery-columns-5 .gallery-item,.elementor-image-gallery .gallery.gallery-columns-6 .gallery-item,.elementor-image-gallery .gallery.gallery-columns-7 .gallery-item,.elementor-image-gallery .gallery.gallery-columns-8 .gallery-item,.elementor-image-gallery .gallery.gallery-columns-9 .gallery-item,.elementor-image-gallery .gallery.gallery-columns-10 .gallery-item{max-width:100%}}<\/style>\t\t<div class=\"elementor-image-gallery\">\n\t\t\t<div id='gallery-1' class='gallery galleryid-1076 gallery-columns-4 gallery-size-medium'><figure class='gallery-item'>\n\t\t\t<div class='gallery-icon landscape'>\n\t\t\t\t<a data-elementor-open-lightbox=\"yes\" data-elementor-lightbox-slideshow=\"017e4af\" data-elementor-lightbox-title=\"pexels-brendo-boyose-862335849-28482154\" data-e-action-hash=\"#elementor-action%3Aaction%3Dlightbox%26settings%3DeyJpZCI6MTA4MiwidXJsIjoiaHR0cHM6XC9cL2dydXBhaW5mcmEuY29tXC93cC1jb250ZW50XC91cGxvYWRzXC8yMDI0XC8wOVwvcGV4ZWxzLWJyZW5kby1ib3lvc2UtODYyMzM1ODQ5LTI4NDgyMTU0LXNjYWxlZC5qcGciLCJzbGlkZXNob3ciOiIwMTdlNGFmIn0%3D\" href='https:\/\/grupainfra.com\/wp-content\/uploads\/2024\/09\/pexels-brendo-boyose-862335849-28482154-scaled.jpg'><img fetchpriority=\"high\" decoding=\"async\" width=\"300\" height=\"200\" src=\"https:\/\/grupainfra.com\/wp-content\/uploads\/2024\/09\/pexels-brendo-boyose-862335849-28482154-300x200.jpg\" class=\"attachment-medium size-medium\" alt=\"\" srcset=\"https:\/\/grupainfra.com\/wp-content\/uploads\/2024\/09\/pexels-brendo-boyose-862335849-28482154-300x200.jpg 300w, https:\/\/grupainfra.com\/wp-content\/uploads\/2024\/09\/pexels-brendo-boyose-862335849-28482154-1024x683.jpg 1024w, https:\/\/grupainfra.com\/wp-content\/uploads\/2024\/09\/pexels-brendo-boyose-862335849-28482154-768x512.jpg 768w, https:\/\/grupainfra.com\/wp-content\/uploads\/2024\/09\/pexels-brendo-boyose-862335849-28482154-1536x1024.jpg 1536w, https:\/\/grupainfra.com\/wp-content\/uploads\/2024\/09\/pexels-brendo-boyose-862335849-28482154-2048x1365.jpg 2048w, https:\/\/grupainfra.com\/wp-content\/uploads\/2024\/09\/pexels-brendo-boyose-862335849-28482154-600x400.jpg 600w, https:\/\/grupainfra.com\/wp-content\/uploads\/2024\/09\/pexels-brendo-boyose-862335849-28482154-150x100.jpg 150w\" sizes=\"(max-width: 300px) 100vw, 300px\" \/><\/a>\n\t\t\t<\/div><\/figure><figure class='gallery-item'>\n\t\t\t<div class='gallery-icon landscape'>\n\t\t\t\t<a data-elementor-open-lightbox=\"yes\" data-elementor-lightbox-slideshow=\"017e4af\" data-elementor-lightbox-title=\"20210421_101912\" data-e-action-hash=\"#elementor-action%3Aaction%3Dlightbox%26settings%3DeyJpZCI6ODE2LCJ1cmwiOiJodHRwczpcL1wvZ3J1cGFpbmZyYS5jb21cL3dwLWNvbnRlbnRcL3VwbG9hZHNcLzIwMjFcLzExXC8yMDIxMDQyMV8xMDE5MTItc2NhbGVkLmpwZyIsInNsaWRlc2hvdyI6IjAxN2U0YWYifQ%3D%3D\" href='https:\/\/grupainfra.com\/wp-content\/uploads\/2021\/11\/20210421_101912-scaled.jpg'><img decoding=\"async\" width=\"300\" height=\"146\" src=\"https:\/\/grupainfra.com\/wp-content\/uploads\/2021\/11\/20210421_101912-300x146.jpg\" class=\"attachment-medium size-medium\" alt=\"\" srcset=\"https:\/\/grupainfra.com\/wp-content\/uploads\/2021\/11\/20210421_101912-300x146.jpg 300w, https:\/\/grupainfra.com\/wp-content\/uploads\/2021\/11\/20210421_101912-scaled-150x73.jpg 150w, https:\/\/grupainfra.com\/wp-content\/uploads\/2021\/11\/20210421_101912-scaled-600x292.jpg 600w, https:\/\/grupainfra.com\/wp-content\/uploads\/2021\/11\/20210421_101912-1024x498.jpg 1024w, https:\/\/grupainfra.com\/wp-content\/uploads\/2021\/11\/20210421_101912-768x373.jpg 768w, https:\/\/grupainfra.com\/wp-content\/uploads\/2021\/11\/20210421_101912-1536x747.jpg 1536w, https:\/\/grupainfra.com\/wp-content\/uploads\/2021\/11\/20210421_101912-2048x996.jpg 2048w\" sizes=\"(max-width: 300px) 100vw, 300px\" \/><\/a>\n\t\t\t<\/div><\/figure><figure class='gallery-item'>\n\t\t\t<div class='gallery-icon landscape'>\n\t\t\t\t<a data-elementor-open-lightbox=\"yes\" data-elementor-lightbox-slideshow=\"017e4af\" data-elementor-lightbox-title=\"20210112_105003\" data-e-action-hash=\"#elementor-action%3Aaction%3Dlightbox%26settings%3DeyJpZCI6ODE1LCJ1cmwiOiJodHRwczpcL1wvZ3J1cGFpbmZyYS5jb21cL3dwLWNvbnRlbnRcL3VwbG9hZHNcLzIwMjFcLzExXC8yMDIxMDExMl8xMDUwMDMtc2NhbGVkLmpwZyIsInNsaWRlc2hvdyI6IjAxN2U0YWYifQ%3D%3D\" href='https:\/\/grupainfra.com\/wp-content\/uploads\/2021\/11\/20210112_105003-scaled.jpg'><img decoding=\"async\" width=\"300\" height=\"146\" src=\"https:\/\/grupainfra.com\/wp-content\/uploads\/2021\/11\/20210112_105003-300x146.jpg\" class=\"attachment-medium size-medium\" alt=\"\" srcset=\"https:\/\/grupainfra.com\/wp-content\/uploads\/2021\/11\/20210112_105003-300x146.jpg 300w, https:\/\/grupainfra.com\/wp-content\/uploads\/2021\/11\/20210112_105003-scaled-150x73.jpg 150w, https:\/\/grupainfra.com\/wp-content\/uploads\/2021\/11\/20210112_105003-scaled-600x292.jpg 600w, https:\/\/grupainfra.com\/wp-content\/uploads\/2021\/11\/20210112_105003-1024x498.jpg 1024w, https:\/\/grupainfra.com\/wp-content\/uploads\/2021\/11\/20210112_105003-768x373.jpg 768w, https:\/\/grupainfra.com\/wp-content\/uploads\/2021\/11\/20210112_105003-1536x747.jpg 1536w, https:\/\/grupainfra.com\/wp-content\/uploads\/2021\/11\/20210112_105003-2048x996.jpg 2048w\" sizes=\"(max-width: 300px) 100vw, 300px\" \/><\/a>\n\t\t\t<\/div><\/figure><figure class='gallery-item'>\n\t\t\t<div class='gallery-icon landscape'>\n\t\t\t\t<a data-elementor-open-lightbox=\"yes\" data-elementor-lightbox-slideshow=\"017e4af\" data-elementor-lightbox-title=\"20190222_1032300-700x340\" data-e-action-hash=\"#elementor-action%3Aaction%3Dlightbox%26settings%3DeyJpZCI6ODIwLCJ1cmwiOiJodHRwczpcL1wvZ3J1cGFpbmZyYS5jb21cL3dwLWNvbnRlbnRcL3VwbG9hZHNcLzIwMjFcLzExXC8yMDE5MDIyMl8xMDMyMzAwLTcwMHgzNDAtMS5qcGVnIiwic2xpZGVzaG93IjoiMDE3ZTRhZiJ9\" href='https:\/\/grupainfra.com\/wp-content\/uploads\/2021\/11\/20190222_1032300-700x340-1.jpeg'><img loading=\"lazy\" decoding=\"async\" width=\"300\" height=\"146\" src=\"https:\/\/grupainfra.com\/wp-content\/uploads\/2021\/11\/20190222_1032300-700x340-1-300x146.jpeg\" class=\"attachment-medium size-medium\" alt=\"\" srcset=\"https:\/\/grupainfra.com\/wp-content\/uploads\/2021\/11\/20190222_1032300-700x340-1-300x146.jpeg 300w, https:\/\/grupainfra.com\/wp-content\/uploads\/2021\/11\/20190222_1032300-700x340-1-150x73.jpeg 150w, https:\/\/grupainfra.com\/wp-content\/uploads\/2021\/11\/20190222_1032300-700x340-1-600x291.jpeg 600w, https:\/\/grupainfra.com\/wp-content\/uploads\/2021\/11\/20190222_1032300-700x340-1.jpeg 700w\" sizes=\"(max-width: 300px) 100vw, 300px\" \/><\/a>\n\t\t\t<\/div><\/figure><figure class='gallery-item'>\n\t\t\t<div class='gallery-icon landscape'>\n\t\t\t\t<a data-elementor-open-lightbox=\"yes\" data-elementor-lightbox-slideshow=\"017e4af\" data-elementor-lightbox-title=\"20200714_121543\" data-e-action-hash=\"#elementor-action%3Aaction%3Dlightbox%26settings%3DeyJpZCI6MTAxNiwidXJsIjoiaHR0cHM6XC9cL2dydXBhaW5mcmEuY29tXC93cC1jb250ZW50XC91cGxvYWRzXC8yMDI0XC8wOFwvMjAyMDA3MTRfMTIxNTQzLXNjYWxlZC5qcGciLCJzbGlkZXNob3ciOiIwMTdlNGFmIn0%3D\" href='https:\/\/grupainfra.com\/wp-content\/uploads\/2024\/08\/20200714_121543-scaled.jpg'><img loading=\"lazy\" decoding=\"async\" width=\"300\" height=\"146\" src=\"https:\/\/grupainfra.com\/wp-content\/uploads\/2024\/08\/20200714_121543-300x146.jpg\" class=\"attachment-medium size-medium\" alt=\"\" srcset=\"https:\/\/grupainfra.com\/wp-content\/uploads\/2024\/08\/20200714_121543-300x146.jpg 300w, https:\/\/grupainfra.com\/wp-content\/uploads\/2024\/08\/20200714_121543-scaled-150x73.jpg 150w, https:\/\/grupainfra.com\/wp-content\/uploads\/2024\/08\/20200714_121543-scaled-600x292.jpg 600w, https:\/\/grupainfra.com\/wp-content\/uploads\/2024\/08\/20200714_121543-1024x498.jpg 1024w, https:\/\/grupainfra.com\/wp-content\/uploads\/2024\/08\/20200714_121543-768x373.jpg 768w, https:\/\/grupainfra.com\/wp-content\/uploads\/2024\/08\/20200714_121543-1536x747.jpg 1536w, https:\/\/grupainfra.com\/wp-content\/uploads\/2024\/08\/20200714_121543-2048x996.jpg 2048w\" sizes=\"(max-width: 300px) 100vw, 300px\" \/><\/a>\n\t\t\t<\/div><\/figure><figure class='gallery-item'>\n\t\t\t<div class='gallery-icon landscape'>\n\t\t\t\t<a data-elementor-open-lightbox=\"yes\" data-elementor-lightbox-slideshow=\"017e4af\" data-elementor-lightbox-title=\"20200717_092626\" data-e-action-hash=\"#elementor-action%3Aaction%3Dlightbox%26settings%3DeyJpZCI6MTAxOSwidXJsIjoiaHR0cHM6XC9cL2dydXBhaW5mcmEuY29tXC93cC1jb250ZW50XC91cGxvYWRzXC8yMDI0XC8wOFwvMjAyMDA3MTdfMDkyNjI2LXNjYWxlZC5qcGciLCJzbGlkZXNob3ciOiIwMTdlNGFmIn0%3D\" href='https:\/\/grupainfra.com\/wp-content\/uploads\/2024\/08\/20200717_092626-scaled.jpg'><img loading=\"lazy\" decoding=\"async\" width=\"300\" height=\"146\" src=\"https:\/\/grupainfra.com\/wp-content\/uploads\/2024\/08\/20200717_092626-300x146.jpg\" class=\"attachment-medium size-medium\" alt=\"\" srcset=\"https:\/\/grupainfra.com\/wp-content\/uploads\/2024\/08\/20200717_092626-300x146.jpg 300w, https:\/\/grupainfra.com\/wp-content\/uploads\/2024\/08\/20200717_092626-scaled-150x73.jpg 150w, https:\/\/grupainfra.com\/wp-content\/uploads\/2024\/08\/20200717_092626-scaled-600x292.jpg 600w, https:\/\/grupainfra.com\/wp-content\/uploads\/2024\/08\/20200717_092626-1024x498.jpg 1024w, https:\/\/grupainfra.com\/wp-content\/uploads\/2024\/08\/20200717_092626-768x373.jpg 768w, https:\/\/grupainfra.com\/wp-content\/uploads\/2024\/08\/20200717_092626-1536x747.jpg 1536w, https:\/\/grupainfra.com\/wp-content\/uploads\/2024\/08\/20200717_092626-2048x996.jpg 2048w\" sizes=\"(max-width: 300px) 100vw, 300px\" \/><\/a>\n\t\t\t<\/div><\/figure><figure class='gallery-item'>\n\t\t\t<div class='gallery-icon landscape'>\n\t\t\t\t<a data-elementor-open-lightbox=\"yes\" data-elementor-lightbox-slideshow=\"017e4af\" data-elementor-lightbox-title=\"1\" data-e-action-hash=\"#elementor-action%3Aaction%3Dlightbox%26settings%3DeyJpZCI6MTksInVybCI6Imh0dHBzOlwvXC9ncnVwYWluZnJhLmNvbVwvd3AtY29udGVudFwvdXBsb2Fkc1wvMjAyNFwvMDhcLzEtc2NhbGVkLmpwZyIsInNsaWRlc2hvdyI6IjAxN2U0YWYifQ%3D%3D\" href='https:\/\/grupainfra.com\/wp-content\/uploads\/2024\/08\/1-scaled.jpg'><img loading=\"lazy\" decoding=\"async\" width=\"300\" height=\"199\" src=\"https:\/\/grupainfra.com\/wp-content\/uploads\/2024\/08\/1-300x199.jpg\" class=\"attachment-medium size-medium\" alt=\"\" srcset=\"https:\/\/grupainfra.com\/wp-content\/uploads\/2024\/08\/1-300x199.jpg 300w, https:\/\/grupainfra.com\/wp-content\/uploads\/2024\/08\/1-scaled-150x99.jpg 150w, https:\/\/grupainfra.com\/wp-content\/uploads\/2024\/08\/1-scaled-600x397.jpg 600w, https:\/\/grupainfra.com\/wp-content\/uploads\/2024\/08\/1-1024x678.jpg 1024w, https:\/\/grupainfra.com\/wp-content\/uploads\/2024\/08\/1-768x508.jpg 768w, https:\/\/grupainfra.com\/wp-content\/uploads\/2024\/08\/1-1536x1016.jpg 1536w, https:\/\/grupainfra.com\/wp-content\/uploads\/2024\/08\/1-2048x1355.jpg 2048w\" sizes=\"(max-width: 300px) 100vw, 300px\" \/><\/a>\n\t\t\t<\/div><\/figure><figure class='gallery-item'>\n\t\t\t<div class='gallery-icon landscape'>\n\t\t\t\t<a data-elementor-open-lightbox=\"yes\" data-elementor-lightbox-slideshow=\"017e4af\" data-elementor-lightbox-title=\"2345\" data-e-action-hash=\"#elementor-action%3Aaction%3Dlightbox%26settings%3DeyJpZCI6MTgsInVybCI6Imh0dHBzOlwvXC9ncnVwYWluZnJhLmNvbVwvd3AtY29udGVudFwvdXBsb2Fkc1wvMjAyNFwvMDhcLzIzNDUtc2NhbGVkLmpwZyIsInNsaWRlc2hvdyI6IjAxN2U0YWYifQ%3D%3D\" href='https:\/\/grupainfra.com\/wp-content\/uploads\/2024\/08\/2345-scaled.jpg'><img loading=\"lazy\" decoding=\"async\" width=\"300\" height=\"194\" src=\"https:\/\/grupainfra.com\/wp-content\/uploads\/2024\/08\/2345-300x194.jpg\" class=\"attachment-medium size-medium\" alt=\"\" srcset=\"https:\/\/grupainfra.com\/wp-content\/uploads\/2024\/08\/2345-300x194.jpg 300w, https:\/\/grupainfra.com\/wp-content\/uploads\/2024\/08\/2345-scaled-150x97.jpg 150w, https:\/\/grupainfra.com\/wp-content\/uploads\/2024\/08\/2345-scaled-600x388.jpg 600w, https:\/\/grupainfra.com\/wp-content\/uploads\/2024\/08\/2345-1024x661.jpg 1024w, https:\/\/grupainfra.com\/wp-content\/uploads\/2024\/08\/2345-768x496.jpg 768w, https:\/\/grupainfra.com\/wp-content\/uploads\/2024\/08\/2345-1536x992.jpg 1536w, https:\/\/grupainfra.com\/wp-content\/uploads\/2024\/08\/2345-2048x1323.jpg 2048w\" sizes=\"(max-width: 300px) 100vw, 300px\" \/><\/a>\n\t\t\t<\/div><\/figure><figure class='gallery-item'>\n\t\t\t<div class='gallery-icon portrait'>\n\t\t\t\t<a data-elementor-open-lightbox=\"yes\" data-elementor-lightbox-slideshow=\"017e4af\" data-elementor-lightbox-title=\"20200416_093055\" data-e-action-hash=\"#elementor-action%3Aaction%3Dlightbox%26settings%3DeyJpZCI6OTg0LCJ1cmwiOiJodHRwczpcL1wvZ3J1cGFpbmZyYS5jb21cL3dwLWNvbnRlbnRcL3VwbG9hZHNcLzIwMjRcLzA4XC8yMDIwMDQxNl8wOTMwNTUtc2NhbGVkLmpwZyIsInNsaWRlc2hvdyI6IjAxN2U0YWYifQ%3D%3D\" href='https:\/\/grupainfra.com\/wp-content\/uploads\/2024\/08\/20200416_093055-scaled.jpg'><img loading=\"lazy\" decoding=\"async\" width=\"146\" height=\"300\" src=\"https:\/\/grupainfra.com\/wp-content\/uploads\/2024\/08\/20200416_093055-146x300.jpg\" class=\"attachment-medium size-medium\" alt=\"\" srcset=\"https:\/\/grupainfra.com\/wp-content\/uploads\/2024\/08\/20200416_093055-146x300.jpg 146w, https:\/\/grupainfra.com\/wp-content\/uploads\/2024\/08\/20200416_093055-scaled-73x150.jpg 73w, https:\/\/grupainfra.com\/wp-content\/uploads\/2024\/08\/20200416_093055-scaled-600x1235.jpg 600w, https:\/\/grupainfra.com\/wp-content\/uploads\/2024\/08\/20200416_093055-498x1024.jpg 498w, https:\/\/grupainfra.com\/wp-content\/uploads\/2024\/08\/20200416_093055-768x1580.jpg 768w, https:\/\/grupainfra.com\/wp-content\/uploads\/2024\/08\/20200416_093055-747x1536.jpg 747w, https:\/\/grupainfra.com\/wp-content\/uploads\/2024\/08\/20200416_093055-996x2048.jpg 996w, https:\/\/grupainfra.com\/wp-content\/uploads\/2024\/08\/20200416_093055-scaled.jpg 1244w\" sizes=\"(max-width: 146px) 100vw, 146px\" \/><\/a>\n\t\t\t<\/div><\/figure><figure class='gallery-item'>\n\t\t\t<div class='gallery-icon portrait'>\n\t\t\t\t<a data-elementor-open-lightbox=\"yes\" data-elementor-lightbox-slideshow=\"017e4af\" data-elementor-lightbox-title=\"20200919_144209\" data-e-action-hash=\"#elementor-action%3Aaction%3Dlightbox%26settings%3DeyJpZCI6MTAwMCwidXJsIjoiaHR0cHM6XC9cL2dydXBhaW5mcmEuY29tXC93cC1jb250ZW50XC91cGxvYWRzXC8yMDI0XC8wOFwvMjAyMDA5MTlfMTQ0MjA5LXNjYWxlZC5qcGciLCJzbGlkZXNob3ciOiIwMTdlNGFmIn0%3D\" href='https:\/\/grupainfra.com\/wp-content\/uploads\/2024\/08\/20200919_144209-scaled.jpg'><img loading=\"lazy\" decoding=\"async\" width=\"146\" height=\"300\" src=\"https:\/\/grupainfra.com\/wp-content\/uploads\/2024\/08\/20200919_144209-146x300.jpg\" class=\"attachment-medium size-medium\" alt=\"\" srcset=\"https:\/\/grupainfra.com\/wp-content\/uploads\/2024\/08\/20200919_144209-146x300.jpg 146w, https:\/\/grupainfra.com\/wp-content\/uploads\/2024\/08\/20200919_144209-scaled-73x150.jpg 73w, https:\/\/grupainfra.com\/wp-content\/uploads\/2024\/08\/20200919_144209-scaled-600x1235.jpg 600w, https:\/\/grupainfra.com\/wp-content\/uploads\/2024\/08\/20200919_144209-498x1024.jpg 498w, https:\/\/grupainfra.com\/wp-content\/uploads\/2024\/08\/20200919_144209-768x1580.jpg 768w, https:\/\/grupainfra.com\/wp-content\/uploads\/2024\/08\/20200919_144209-747x1536.jpg 747w, https:\/\/grupainfra.com\/wp-content\/uploads\/2024\/08\/20200919_144209-996x2048.jpg 996w, https:\/\/grupainfra.com\/wp-content\/uploads\/2024\/08\/20200919_144209-scaled.jpg 1244w\" sizes=\"(max-width: 146px) 100vw, 146px\" \/><\/a>\n\t\t\t<\/div><\/figure><figure class='gallery-item'>\n\t\t\t<div class='gallery-icon portrait'>\n\t\t\t\t<a data-elementor-open-lightbox=\"yes\" data-elementor-lightbox-slideshow=\"017e4af\" data-elementor-lightbox-title=\"AA20200617_171433\" data-e-action-hash=\"#elementor-action%3Aaction%3Dlightbox%26settings%3DeyJpZCI6OTkyLCJ1cmwiOiJodHRwczpcL1wvZ3J1cGFpbmZyYS5jb21cL3dwLWNvbnRlbnRcL3VwbG9hZHNcLzIwMjRcLzA4XC9BQTIwMjAwNjE3XzE3MTQzMy1zY2FsZWQuanBnIiwic2xpZGVzaG93IjoiMDE3ZTRhZiJ9\" href='https:\/\/grupainfra.com\/wp-content\/uploads\/2024\/08\/AA20200617_171433-scaled.jpg'><img loading=\"lazy\" decoding=\"async\" width=\"146\" height=\"300\" src=\"https:\/\/grupainfra.com\/wp-content\/uploads\/2024\/08\/AA20200617_171433-146x300.jpg\" class=\"attachment-medium size-medium\" alt=\"\" srcset=\"https:\/\/grupainfra.com\/wp-content\/uploads\/2024\/08\/AA20200617_171433-146x300.jpg 146w, https:\/\/grupainfra.com\/wp-content\/uploads\/2024\/08\/AA20200617_171433-scaled-73x150.jpg 73w, https:\/\/grupainfra.com\/wp-content\/uploads\/2024\/08\/AA20200617_171433-scaled-600x1235.jpg 600w, https:\/\/grupainfra.com\/wp-content\/uploads\/2024\/08\/AA20200617_171433-498x1024.jpg 498w, https:\/\/grupainfra.com\/wp-content\/uploads\/2024\/08\/AA20200617_171433-768x1580.jpg 768w, https:\/\/grupainfra.com\/wp-content\/uploads\/2024\/08\/AA20200617_171433-747x1536.jpg 747w, https:\/\/grupainfra.com\/wp-content\/uploads\/2024\/08\/AA20200617_171433-996x2048.jpg 996w, https:\/\/grupainfra.com\/wp-content\/uploads\/2024\/08\/AA20200617_171433-scaled.jpg 1244w\" sizes=\"(max-width: 146px) 100vw, 146px\" \/><\/a>\n\t\t\t<\/div><\/figure>\n\t\t<\/div>\n\t\t<\/div>\n\t\t\t\t<\/div>\n\t\t\t\t<\/div>\n\t\t\t\t\t<\/div>\n\t\t\t\t<\/div>\n\t\t\t\t<\/div>\n\t\t","protected":false},"excerpt":{"rendered":"Us\u0142ugi dla przemys\u0142u stoczniowego- Grupa Infra Grupa Infra oferuje kompleksowe us\u0142ugi czyszczenia przemys\u0142owego dla sektora stoczniowego. Dysponujemy nowoczesnym sprz\u0119tem do strumieniowo-\u015bciernego oczyszczania powierzchni, dzi\u0119ki czemu jeste\u015bmy w stanie skutecznie usuwa\u0107 zanieczyszczenia z metalowych i betonowych element\u00f3w jednostek p\u0142ywaj\u0105cych oraz infrastruktury portowej. Nasze rozwi\u0105zania pozwalaj\u0105 na precyzyjne przygotowanie powierzchni pod nowe pow\u0142oki, zapewniaj\u0105c ich doskona\u0142\u0105 przyczepno\u015b\u0107. ","protected":false},"author":1,"featured_media":0,"parent":0,"menu_order":0,"comment_status":"closed","ping_status":"closed","template":"elementor_header_footer","meta":{"footnotes":""},"class_list":["post-1076","page","type-page","status-publish","hentry"],"_links":{"self":[{"href":"https:\/\/grupainfra.com\/index.php?rest_route=\/wp\/v2\/pages\/1076"}],"collection":[{"href":"https:\/\/grupainfra.com\/index.php?rest_route=\/wp\/v2\/pages"}],"about":[{"href":"https:\/\/grupainfra.com\/index.php?rest_route=\/wp\/v2\/types\/page"}],"author":[{"embeddable":true,"href":"https:\/\/grupainfra.com\/index.php?rest_route=\/wp\/v2\/users\/1"}],"replies":[{"embeddable":true,"href":"https:\/\/grupainfra.com\/index.php?rest_route=%2Fwp%2Fv2%2Fcomments&post=1076"}],"version-history":[{"count":10,"href":"https:\/\/grupainfra.com\/index.php?rest_route=\/wp\/v2\/pages\/1076\/revisions"}],"predecessor-version":[{"id":1089,"href":"https:\/\/grupainfra.com\/index.php?rest_route=\/wp\/v2\/pages\/1076\/revisions\/1089"}],"wp:attachment":[{"href":"https:\/\/grupainfra.com\/index.php?rest_route=%2Fwp%2Fv2%2Fmedia&parent=1076"}],"curies":[{"name":"wp","href":"https:\/\/api.w.org\/{rel}","templated":true}]}}